 be (-9)/(9/6*-1). Let a(q) = q + q + y - q. Calculate the remainder when 1 is divided by a(-5).
0
Let y(g) = -g**2 - 6*g + 5. Let o be y(-7). Let c = o + 16. Calculate the remainder when 39 is divided by c.
11
Calculate the remainder when (-2)/(-11) + (-1365)/(-55) is divided by 9.
7
Let x(q) = -q - 1. Calculate the remainder when 46 is divided by x(-9).
6
Let a be 0 + 0 + (1 - 3). Let v = a - 3. Let c(d) = d**3 + 6*d**2 - 3*d - 2. Calculate the remainder when c(v) is divided by 13.
12
Suppose -7*m = -2*m + 45. Calculate the remainder when (-330)/m - (-2)/6 is divided by 19.
18
Let u = 78 - 56. Suppose -16*m + 48 = -12*m. Calculate the remainder when u is divided by m.
10
Suppose -a + 5*a - 52 = 0. Suppose -2*g + 6 = 2*f, 2*g - 2*f - 1 = f. Suppose b - 44 = g*w, -5*b - w + 204 = 28. Calculate the remainder when b is divided by a.
10
Let o(i) = -i - 5. What is the remainder when 10 is divided by o(-8)?
1
Suppose -2*f = -2*a + 6*a - 356, 945 = 5*f - a. Calculate the remainder when f is divided by 38.
36
Let r be -1*9/3 - 1. Let q = r + 10. Calculate the remainder when q is divided by 4.
2
Calculate the remainder when ((-2)/4)/((-5)/210) is divided by 8.
5
Let y be (-26)/(-6) - 6/(-9). Suppose 2*v = 4, -3*v = 4*x - y*x + 17. What is the remainder when x is divided by 12?
11
Let r = 5 + -8. Let x = r + 17. What is the remainder when ((-5)/(-2))/((-9)/(-90)) is divided by x?
11
Suppose 5*c + 2*q = 170, -2*q = 7*c - 3*c - 138. Suppose -3*n - c = -5*n. What is the remainder when 30 is divided by n?
14
Let s(j) = 12*j**2 - j + 3. Calculate the remainder when s(4) is divided by 48.
47
Let y(r) = -r**2 - 12*r + 75. Calculate the remainder when 20 is divided by y(-16).
9
Let p be (4 - 1)*(-2 + 0). Let o be (-34)/p + (-6)/9. Suppose -4*a - 28 = -o*a + 3*w, 4*w = 4*a - 72. What is the remainder when a is divided by 5?
3
Let h = 32 - 9. Suppose -6*q + 5*q + 8 = 0. What is the remainder when h is divided by q?
7
Suppose -4*l + 38 = -2*j, -l + j - 6*j = -4. Calculate the remainder when 35 is divided by l.
8
Suppose 4*c = 6*c - 26. Let u = 45 - 20. Calculate the remainder when u is divided by c.
12
Suppose -5*i - 5 = 0, 2*h - 5 = 2*i + 5. Suppose -5*w = 15, -w - 205 = -2*y + h*w. What is the remainder when y is divided by 24?
23
Suppose 7*b = -6*b + 1846. Calculate the remainder when b is divided by 29.
26
Let x = -85 + 114. What is the remainder when x is divided by 12?
5
Suppose r = -12 + 62. Let g(w) = w**3 - 4*w**2 - 3*w + 3. Calculate the remainder when r is divided by g(5).
11
Let c(u) = 72*u**2 - u - 1. Let o be c(-1). Suppose -i - 14 = -o. What is the remainder when i is divided by 20?
18
Let u(i) = -i**3 - 16*i**2 - 17*i. Suppose -44 = -6*q + 2*q. What is the remainder when u(-15) is divided by q?
8
Let o be (-1 - -6)*18/30. Suppose 2*q - o*q + 21 = 0. Calculate the remainder when q is divided by 10 + 0 + 4 + -3.
10
Let z(b) = 2*b**2 + b + 1. Calculate the remainder when z(2) is divided by 7.
4
Let x = 342 + -231. Calculate the remainder when x is divided by 38.
35
Suppose -260 = -3*p - p. Calculate the remainder when p is divided by 22.
21
Let m = -38 + 53. Calculate the remainder when 25 is divided by m.
10
What is the remainder when (-2)/(2/(-201)*3) is divided by ((-92)/6)/((-6)/9)?
21
Suppose 4*h - 2*b - 130 = 0, 7 - 177 = -5*h - 5*b. What is the remainder when h is divided by 20?
13
What is the remainder when (-12)/(-78) + 1088/26 is divided by 13?
3
Suppose 9 = -3*c, -4*o + 5*c - 2*c = -317. What is the remainder when o is divided by 26?
25
Suppose -45 = -0*w - w + 2*v, 3*v + 190 = 5*w. What is the remainder when w is divided by 19?
16
Suppose 0 = 3*x - 0*x - 105. Let q = 26 + -18. Let i = q + 4. Calculate the remainder when x is divided by i.
11
Let j(i) = -4*i - 3. Suppose -2*a + 0*a - 16 = 0. Calculate the remainder when j(a) is divided by (18/12)/((-1)/(-10)).
14
Let l be ((-2)/(-3))/(2/(-48)). What is the remainder when l*(1 + -2) - 1 is divided by (2/(3 + -1))/((-3)/(-18))?
3
Suppose 22 = 2*h - 2. Calculate the remainder when (0 + 3)*44/6 is divided by h.
10
Suppose -254 = -15*g + 511. What is the remainder when g is divided by 13?
12
Calculate the remainder when (-4)/(-5)*(-8)/((-16)/5) is divided by 2.
0
Calculate the remainder when 128 is divided by (2*2/6)/((-58)/(-2871)).
29
Suppose 2 + 1 = 3*k. Calculate the remainder when 21 is divided by 9*((-3)/(-9) + k).
9
Suppose 7*b = 2*b + 510. Calculate the remainder when b is divided by 26.
24
Let b(r) = 4*r**3 - r**2 - r + 1. Let a be b(1). Suppose -15 = a*v, q + 2*v - 5 = v. What is the remainder when 47 is divided by q?
7
Let m be (-4)/10 + (-141)/(-15). Suppose -2*t + 4*c = -26, 0*c + 3*c = -m. Calculate the remainder when 19 is divided by t.
5
Let r(f) = 5*f**2 - 5*f - 1. What is the remainder when r(3) is divided by 10?
9
Suppose 5*o + 33 = u, -u - o = 3*o + 12. Calculate the remainder when 55 is divided by u.
7
Suppose -3*m + 61 = -53. What is the remainder when m is divided by 10?
8
Let a(o) = o**3 + 13*o**2 + 13*o + 14. Let q be a(-12). Suppose 2*y - q = y. Calculate the remainder when y is divided by 2.
0
Let b(f) = f. Let w(l) = l - 1. Let r(p) = -7*b(p) + 6*w(p). What is the remainder when 2 is divided by r(-8)?
0
Let n be 4/(-3)*3/2. Let c = 8 + n. What is the remainder when (6 + -8)/(2/(-10)) is divided by c?
4
Suppose 34 = 2*h - 0*h. What is the remainder when 33 is divided by h?
16
Let j(o) = -4*o - 9. Let c be j(10). Calculate the remainder when 36 is divided by (-21)/c + 260/14.
17
Suppose -4*p + 3*a + 33 = 0, 2*p + 4*a - 3 = a. Calculate the remainder when 25 is divided by p.
1
Let y = 8 - 5. Let h(t) = t**3 - t**2 - 3*t + 1. Let q be h(y). Let d = q + -1. What is the remainder when 26 is divided by d?
8
Suppose 4*z - 3*a = 3*z + 13, a + 9 = 5*z. What is the remainder when 13 is divided by 0 - z*(-3 - 1)?
1
Let k be (26 - 13)/(-1*1). What is the remainder when 18 is divided by -1*(k - (-3 - 0))?
8
Let f = 11 - 11. Suppose o + f*i = i + 7, 7 = o - 2*i. What is the remainder when o is divided by 4?
3
Let s(o) be the first derivative of o**2/2 + 3*o + 1. Suppose c = 3*w + 1, 5*c - 31 = -w - 10. What is the remainder when 12 is divided by s(c)?
5
Let z = -6 + 8. Suppose -2*q + 24 = m, z*q + 5*m = -q + 29. Calculate the remainder when 24 is divided by q.
11
Calculate the remainder when 31 is divided by 10/(2*-1)*80/(-50).
7
Let j(k) = 3*k - 8. Calculate the remainder when 47 is divided by j(5).
5
Let q(o) = 2*o**3 + 5*o**2 + 4*o + 7. Let y be q(-3). Let f be 1/2*1*46. Let k = y + f. Calculate the remainder when 25 is divided by k.
7
Suppose 11 = 3*k - 3*w - 13, 5*w + 30 = 3*k. Suppose 4*t + 0*t - 32 = k*c, 3*t + c = 24. Let x = -1 - -4. What is the remainder when t is divided by x?
2
Let a(f) = 8*f**2 + f - 1. What is the remainder when 86 is divided by a(-2)?
28
Let q(i) = -13*i**3 - i**2 - i + 1. Calculate the remainder when 125 is divided by q(-1).
13
Let x be (-2)/(-5) - 463/(-5). What is the remainder when x - (4 - 3)/1 is divided by 31?
30
Let k = 74 + -44. Let g = k - 8. Suppose 60 = -2*i + 7*i. Calculate the remainder when g is divided by i.
10
Suppose 50 = 2*z + 4*l, -5*l = 2*z - 3*l - 48. Let i = 165 - 99. Calculate the remainder when i is divided by z.
20
Let k(w) = w**3 + 7*w**2 - 3*w - 9. Let f be k(-7). Calculate the remainder when 150/f*1*2 is divided by 7.
4
Let x = 0 + 3. Suppose -4*k + 0*k = -3*a + 36, 5*k - 15 = 0. Suppose y + 2 = -y - v, -5*v - a = 4*y. What is the remainder when x is divided by y?
0
Suppose -4*m - t + 167 = 0, 4*t = -m + 10 + 43. What is the remainder when m is divided by 21?
20
Let g = 4 + 6. Calculate the remainder when 17 is divided by g.
7
Let q(d) = d**3 + 18*d**2 + 17*d + 18. Calculate the remainder when q(-17) is divided by 5.
3
Let d be 1/(-2*1/26). Let c = d + 5. Calculate the remainder when 20 is divided by 2/c - 116/(-16).
6
Suppose 6*a = 3*a + 297. Let n = a - 44. What is the remainder when n is divided by 19?
17
Let r(s) = s**2 + s + 10. Let f be r(9). Suppose 4*l = 9*l - 3*d - f, -3*l + 2*d = -60. What is the remainder when l is divided by 7?
6
Let j be 1/(2 + (-33)/18). Suppose 3*a - 3*p = -0*p - j, a + p = 2. Suppose a = 3*q + 20 - 68. Calculate the remainder when 46 is divided by q.
14
Suppose -h + 6*h - 305 = -4*r, 